{"id":9,"date":"2025-11-19T12:41:18","date_gmt":"2025-11-19T12:41:18","guid":{"rendered":"https:\/\/lulamodaycomplementos.com\/?page_id=9"},"modified":"2026-03-10T20:49:55","modified_gmt":"2026-03-10T20:49:55","slug":"lula-moda-y-complementos-moda-flamenca-castilleja-de-la-cuesta","status":"publish","type":"page","link":"https:\/\/lulamodaycomplementos.com\/","title":{"rendered":"LULA &#8211; Moda y complementos. Moda flamenca. Castilleja de la Cuesta"},"content":{"rendered":"<p>[et_pb_section fb_built=\u00bb1&#8243; _builder_version=\u00bb4.27.4&#8243; _module_preset=\u00bbdefault\u00bb background_color=\u00bb#0a0a0a\u00bb custom_padding=\u00bb0px||0px|||\u00bb global_colors_info=\u00bb{}\u00bb][et_pb_row _builder_version=\u00bb4.27.5&#8243; _module_preset=\u00bbdefault\u00bb background_video_mp4=\u00bbhttps:\/\/lulamodaycomplementos.com\/moda_invernal.mp4&#8243; min_height=\u00bb450px\u00bb hover_enabled=\u00bb0&#8243; global_colors_info=\u00bb{}\u00bb sticky_enabled=\u00bb0&#8243;][et_pb_column type=\u00bb4_4&#8243; _builder_version=\u00bb4.27.4&#8243; _module_preset=\u00bbdefault\u00bb global_colors_info=\u00bb{}\u00bb][\/et_pb_column][\/et_pb_row][\/et_pb_section][et_pb_section fb_built=\u00bb1&#8243; _builder_version=\u00bb4.27.4&#8243; _module_preset=\u00bbdefault\u00bb global_colors_info=\u00bb{}\u00bb][et_pb_row column_structure=\u00bb1_2,1_2&#8243; _builder_version=\u00bb4.27.4&#8243; _module_preset=\u00bbdefault\u00bb global_colors_info=\u00bb{}\u00bb][et_pb_column type=\u00bb1_2&#8243; _builder_version=\u00bb4.27.4&#8243; _module_preset=\u00bbdefault\u00bb global_colors_info=\u00bb{}\u00bb][et_pb_text _builder_version=\u00bb4.27.4&#8243; _module_preset=\u00bbdefault\u00bb text_orientation=\u00bbjustified\u00bb global_colors_info=\u00bb{}\u00bb]<\/p>\n<p><span>En nuestra tienda de ropa femenina encontrar\u00e1s una amplia variedad de prendas para cada ocasi\u00f3n, desde looks casuales hasta opciones m\u00e1s sofisticadas. Adem\u00e1s de ropa moderna y de calidad, ofrecemos una selecta colecci\u00f3n de complementos que aportan el toque perfecto a tu estilo. Tambi\u00e9n contamos con una preciosa selecci\u00f3n de vestidos de flamenca. Tenemos diferentes modelos de trajes de flamenca, pudiendo elegir la tela que mas te guste haciendo tu traje \u00fanico. Ven y descubre un espacio donde la moda, el dise\u00f1o y la tradici\u00f3n se fusionan para que te sientas siempre perfecta.<\/span><\/p>\n<p>[\/et_pb_text][\/et_pb_column][et_pb_column type=\u00bb1_2&#8243; _builder_version=\u00bb4.27.4&#8243; _module_preset=\u00bbdefault\u00bb global_colors_info=\u00bb{}\u00bb][\/et_pb_column][\/et_pb_row][\/et_pb_section]<\/p>\n","protected":false},"excerpt":{"rendered":"<p>En nuestra tienda de ropa femenina encontrar\u00e1s una amplia variedad de prendas para cada ocasi\u00f3n, desde looks casuales hasta opciones m\u00e1s sofisticadas. Adem\u00e1s de ropa moderna y de calidad, ofrecemos una selecta colecci\u00f3n de complementos que aportan el toque perfecto a tu estilo. Tambi\u00e9n contamos con una preciosa selecci\u00f3n de vestidos de flamenca. Tenemos diferentes [&hellip;]<\/p>\n","protected":false},"author":1,"featured_media":0,"parent":0,"menu_order":0,"comment_status":"closed","ping_status":"closed","template":"","meta":{"_et_pb_use_builder":"on","_et_pb_old_content":"","_et_gb_content_width":"","footnotes":""},"class_list":["post-9","page","type-page","status-publish","hentry"],"_links":{"self":[{"href":"https:\/\/lulamodaycomplementos.com\/index.php?rest_route=\/wp\/v2\/pages\/9","targetHints":{"allow":["GET"]}}],"collection":[{"href":"https:\/\/lulamodaycomplementos.com\/index.php?rest_route=\/wp\/v2\/pages"}],"about":[{"href":"https:\/\/lulamodaycomplementos.com\/index.php?rest_route=\/wp\/v2\/types\/page"}],"author":[{"embeddable":true,"href":"https:\/\/lulamodaycomplementos.com\/index.php?rest_route=\/wp\/v2\/users\/1"}],"replies":[{"embeddable":true,"href":"https:\/\/lulamodaycomplementos.com\/index.php?rest_route=%2Fwp%2Fv2%2Fcomments&post=9"}],"version-history":[{"count":8,"href":"https:\/\/lulamodaycomplementos.com\/index.php?rest_route=\/wp\/v2\/pages\/9\/revisions"}],"predecessor-version":[{"id":50,"href":"https:\/\/lulamodaycomplementos.com\/index.php?rest_route=\/wp\/v2\/pages\/9\/revisions\/50"}],"wp:attachment":[{"href":"https:\/\/lulamodaycomplementos.com\/index.php?rest_route=%2Fwp%2Fv2%2Fmedia&parent=9"}],"curies":[{"name":"wp","href":"https:\/\/api.w.org\/{rel}","templated":true}]}}